2, 3, 163
List the prime factors of 479.
479
List the prime factors of 2440.
2, 5, 61
What are the prime factors of 925?
5, 37
What are the prime factors of 1047?
3, 349
What are the prime factors of 16154?
2, 41, 197
List the prime factors of 1161.
3, 43
What are the prime factors of 9528?
2, 3, 397
List the prime factors of 3060.
2, 3, 5, 17
What are the prime factors of 27358?
2, 13679
What are the prime factors of 49801?
49801
What are the prime factors of 55381?
55381
List the prime factors of 4584.
2, 3, 191
What are the prime factors of 4157?
4157
What are the prime factors of 2563?
11, 233
What are the prime factors of 761?
761
What are the prime factors of 6423?
3, 2141
What are the prime factors of 4047?
3, 19, 71
List the prime factors of 18012.
2, 3, 19, 79
List the prime factors of 17260.
2, 5, 863
What are the prime factors of 65516?
2, 11, 1489
List the prime factors of 2014.
2, 19, 53
What are the prime factors of 761?
761
List the prime factors of 22637.
22637
List the prime factors of 241.
241
List the prime factors of 762.
2, 3, 127
What are the prime factors of 518?
2, 7, 37
List the prime factors of 67928.
2, 7, 1213
What are the prime factors of 36719?
73, 503
List the prime factors of 105195.
3, 5, 7013
What are the prime factors of 386?
2, 193
List the prime factors of 12963.
3, 29, 149
What are the prime factors of 25774?
2, 7, 263
List the prime factors of 1547.
7, 13, 17
List the prime factors of 656.
2, 41
What are the prime factors of 3522?
2, 3, 587
What are the prime factors of 9681?
3, 7, 461
List the prime factors of 21123.
3, 2347
List the prime factors of 846.
2, 3, 47
What are the prime factors of 2403?
3, 89
List the prime factors of 50643.
3, 17, 331
List the prime factors of 1071.
3, 7, 17
List the prime factors of 638.
2, 11, 29
What are the prime factors of 1848?
2, 3, 7, 11
List the prime factors of 39724.
2, 9931
List the prime factors of 12404.
2, 7, 443
What are the prime factors of 73031?
7, 10433
What are the prime factors of 157?
157
List the prime factors of 2308.
2, 577
List the prime factors of 571.
571
What are the prime factors of 85218?
2, 3, 7, 2029
What are the prime factors of 2264?
2, 283
What are the prime factors of 964?
2, 241
List the prime factors of 15238.
2, 19, 401
What are the prime factors of 1278?
2, 3, 71
What are the prime factors of 229?
229
What are the prime factors of 1475?
5, 59
List the prime factors of 102588.
2, 3, 83, 103
List the prime factors of 2111.
2111
List the prime factors of 375.
3, 5
What are the prime factors of 51778?
2, 25889
What are the prime factors of 1339?
13, 103
List the prime factors of 5620.
2, 5, 281
List the prime factors of 2618.
2, 7, 11, 17
What are the prime factors of 6288?
2, 3, 131
List the prime factors of 16508.
2, 4127
What are the prime factors of 30175?
5, 17, 71
What are the prime factors of 5566?
2, 11, 23
What are the prime factors of 5546?
2, 47, 59
List the prime factors of 4539.
3, 17, 89
List the prime factors of 148058.
2, 181, 409
List the prime factors of 15973.
15973
List the prime factors of 76469.
47, 1627
List the prime factors of 18503.
18503
List the prime factors of 45048.
2, 3, 1877
List the prime factors of 916.
2, 229
What are the prime factors of 2152?
2, 269
What are the prime factors of 2721?
3, 907
What are the prime factors of 474?
2, 3, 79
List the prime factors of 12948.
2, 3, 13, 83
What are the prime factors of 107494?
2, 71, 757
List the prime factors of 2659.
2659
What are the prime factors of 818?
2, 409
List the prime factors of 16648.
2, 2081
What are the prime factors of 38024?
2, 7, 97
List the prime factors of 984.
2, 3, 41
List the prime factors of 302.
2, 151
What are the prime factors of 51294?
2, 3, 83, 103
List the prime factors of 2565.
3, 5, 19
What are the prime factors of 22507?
71, 317
What are the prime factors of 4750?
2, 5, 19
What are the prime factors of 4224?
2, 3, 11
What are the prime factors of 1523?
1523
What are the prime factors of 531?
3, 59
List the prime factors of 15692.
2, 3923
What are the prime factors of 481?
13, 37
What are the prime factors of 1357?
23, 59
List the prime factors of 2121.
3, 7, 101
List the prime factors of 2294.
2, 31, 37
List the prime factors of 52792.
2, 6599
What are the prime factors of 766?
2, 383
What are the prime factors of 1907?
1907
What are the prime factors of 13115?
5, 43, 61
What are the prime factors of 1927?
41, 47
List the prime factors of 1869.
3, 7, 89
List the prime factors of 19318.
2, 13, 743
List the prime factors of 682.
2, 11, 31
List the prime factors of 122.
2, 61
What are the prime factors of 24865?
5, 4973
What are the prime factors of 30?
2, 3, 5
List the prime factors of 243.
3
List the prime factors of 4000.
2, 5
What are the prime factors of 912?
2, 3, 19
What are the prime factors of 602?
2, 7, 43
List the prime factors of 343.
7
List the prime factors of 848.
2, 53
What are the prime factors of 6329?
6329
What are the prime factors of 1605?
3, 5, 107
List the prime factors of 1479.
3, 17, 29
What are the prime factors of 18739?
7, 2677
What are the prime factors of 83194?
2, 41597
List the prime factors of 28507.
29, 983
What are the prime factors of 50397?
3, 107, 157
List the prime factors of 8576.
2, 67
List the prime factors of 32344.
2, 13, 311
List the prime factors of 35957.
41, 877
What are the prime factors of 13010?
2, 5, 1301
What are the prime factors of 201321?
3, 22369
What are the prime factors of 2306?
2, 1153
What are the prime factors of 2423?
2423
List the prime factors of 3897.
3, 433
List the prime factors of 7293.
3, 11, 13, 17
What are the prime factors of 10281?
3, 23, 149
What are the prime factors of 948?
2, 3, 79
What are the prime factors of 19239?
3, 11, 53
What are the prime factors of 28571?
28571
List the prime factors of 647.
647
What are the prime factors of 20570?
2, 5, 11, 17
List the prime factors of 3457.
3457
What are the prime factors of 39641?
7, 809
List the prime factors of 220.
2, 5, 11
What are the prime factors of 4875?
3, 5, 13
What are the prime factors of 664?
2, 83
What are the prime factors of 1167?
3, 389
What are the prime factors of 1416?
2, 3, 59
What are the prime factors of 26797?
127, 211
List the prime factors of 16230.
2, 3, 5, 541
List the prime factors of 10731.
3, 7, 73
What are the prime factors of 2983?
19, 157
List the prime factors of 1466.
2, 733
What are the prime factors of 845?
5, 13
What are the prime factors of 13977?
3, 1553
What are the prime factors of 4712?
2, 19, 31
What are the prime factors of 221?
13, 17
What are the prime factors of 4756?
2, 29, 41
List the prime factors of 8444.
2, 2111
List the prime factors of 8028.
2, 3, 223
What are the prime factors of 135?
3, 5
What are the prime factors of 5151?
3, 17, 101
What are the prime factors of 315?
3, 5, 7
What are the prime factors of 1499?
1499
What are the prime factors of 3606?
2, 3, 601
What are the prime factors of 1278?
2, 3, 71
List the prime factors of 10555.
5, 2111
What are the prime factors of 345?
3, 5, 23
What are the prime factors of 3558?
2, 3, 593
What are the prime factors of 614?
2, 307
What are the prime factors of 17051?
17, 59
What are the prime factors of 769?
769
What are the prime factors of 103971?
3, 7, 4951
What are the prime factors of 1953?
3, 7, 31
List the prime factors of 22469.
22469
List the prime factors of 8195.
5, 11, 149
What are the prime factors of 133213?
133213
What are the prime factors of 40790?
2, 5, 4079
What are the prime factors of 1243?
11, 113
What are the prime factors of 573?
3, 191
List the prime factors of 43336.
2, 5417
What are the prime factors of 17087?
7, 2441
List the prime factors of 129.
3, 43
List the prime factors of 163613.
163613
List the prime factors of 42973.
7, 877
List the prime factors of 737.
11, 67
List the prime factors of 4391.
4391
What are the prime factors of 20819?
109, 191
List the prime factors of 6974.
2, 11, 317
List the prime factors of 6072.
2, 3, 11, 23
What are the prime factors of 2279?
43, 53
What are the prime factors of 3557?
3557
What are the prime factors of 1504?
2, 47
What are the prime factors of 9181?
9181
List the prime factors of 156.
2, 3, 13
List the prime factors of 1349.
